 b(-5). Calculate the highest common divisor of c and 6.
3
Suppose -47*z + 18 = -56*z. Let h be 13542/481 - z/(-13). Calculate the highest common divisor of h and 210.
14
Let t(f) = f**3 + 10*f**2 + 22*f + 52. Let k be t(-8). Suppose -4*u + d = -u - 214, -280 = -k*u + 4*d. What is the greatest common factor of 126 and u?
18
Let a be (-12357)/(-6) - ((-87)/6 - -16). What is the greatest common divisor of a and 30?
6
Let c(w) = -97*w**3 - 5*w**2 - 16*w - 26. Let g be c(-2). What is the highest common factor of 3937 and g?
127
Let t(s) = 74*s - 513. Let n be t(7). Suppose n*l + 3*o - 4*o = 4617, 5*l = -o + 4623. What is the greatest common divisor of 168 and l?
84
Let z be ((-12)/(-5) - 2)/((-2)/(-20)). Suppose z*s + 16 = 0, -3*c - 3*s + 3429 = -1527. Calculate the greatest common divisor of 72 and c.
72
Suppose -107*w = -104*w - b - 224, 240 = 3*w + 3*b. Suppose -4*f + 76 = -2*h, -f = -4*f - 4*h + 57. Calculate the greatest common factor of w and f.
19
Let d be (-10055)/8044 - (-1594)/8. Suppose -3*o + 170 = -2*h, h + 2*h = -o + 42. What is the highest common factor of o and d?
18
Suppose 3*l + 2 = 5*l. Let y(p) = -13*p**2 - 4*p**3 + 13*p + 3*p**3 + 8*p**2 - 6. Let u be y(-7). Calculate the greatest common factor of l and u.
1
Let b = -4756 + 5128. Calculate the highest common divisor of b and 444.
12
Let m = -3597 - -3602. Calculate the greatest common factor of 17 and m.
1
Let b = -1874 + 1910. What is the highest common divisor of b and 1233?
9
Suppose g = 17*g + 80. Let w(x) = 3*x**2 - 2*x + 11. Let d be w(g). What is the highest common factor of d and 16?
16
Suppose 2*u - 3*v + 249 = 274, 3*v + 17 = u. Calculate the greatest common factor of u and 1944.
8
Let h(f) = -2*f**3 - 7*f**2 - 6*f + 3. Let o be h(-5). Suppose -2*d - 3*b = 3, -32 = -2*d + 45*b - 41*b. What is the highest common divisor of o and d?
6
Let y = 207 + -103. Let i = -88 - -91. Let n be 5 - ((-1)/i)/(4/36). What is the greatest common divisor of y and n?
8
Suppose -d = 2*d - f - 730, 1245 = 5*d + 4*f. Let v be 60 + (-182 + 172)*1/(-1). What is the greatest common factor of d and v?
35
Let w be (1 + 11)/3 - -2. Let v(l) be the first derivative of l**2/2 + 2*l - 37. Let k be v(w). What is the greatest common divisor of 16 and k?
8
Let k(o) = -o + 24. Suppose -3*x - 6 = 57. Let v be k(x). What is the highest common factor of v and 315?
45
Let x(k) = -10*k**3 - 2*k**2 - 15*k - 14. Let r be x(-1). Suppose 12*g + 2*y = r*g + 204, -2*g + y = -129. Calculate the highest common divisor of g and 462.
66
Let g = 4410 + -4335. Let q = -38 - -88. What is the greatest common factor of q and g?
25
Let z(n) = n**2 + 13*n + 224. Let t be z(0). Calculate the greatest common divisor of 96 and t.
32
Let m = 22143 - 19712. Calculate the greatest common factor of m and 1768.
221
Let c(n) = 178*n - 2784. Let j be c(17). Let b = -14 - -36. What is the highest common factor of b and j?
22
Let c = -3365 + 3536. Calculate the highest common factor of c and 126.
9
Let v(r) = -r**2 + 28*r - 65. Suppose -42 = -2*u - 2*z, -3*u + 4*z + 105 = 14. Let f be v(u). What is the greatest common divisor of 160 and f?
10
Let y = 110 + -98. Suppose 7*p - y = 4*p, -2*b + p + 30 = 0. Calculate the highest common factor of 34 and b.
17
Let r be (0 - (-30)/12)*104/10. Let v = -12 + r. Suppose -v*q + 225 = -5*q. Calculate the greatest common factor of q and 175.
25
Let g = 38144 - 37922. Suppose -5*v + 3*o = -66, -5*v + 55 + 7 = -o. What is the highest common divisor of g and v?
6
Let l(u) = -499*u - 103259. Let c be l(-207). Let d(g) = -3*g**3 - g + 1. Let y be d(-3). Calculate the highest common factor of c and y.
17
Suppose y - j - 388 = -0*j, y = 2*j + 389. Suppose -4*n + 111*t - 110*t + 167 = 0, 0 = 5*n - 2*t - 205. What is the highest common factor of y and n?
43
Suppose -5*j = b - 209, 2*j = j + 4. Suppose -99*p = -116*p + 714. Calculate the highest common divisor of b and p.
21
Let w be 438/12 + (-3)/2. Let x be 140/42*3/5. Let j be 1*x - (11 - 14). What is the greatest common divisor of w and j?
5
Suppose 19*v - 10*v = 7826 + 71257. What is the greatest common divisor of 87 and v?
87
Let c(z) = -z**3 + 7*z**2 + 17*z - 9. Let h be c(9). Let m(x) = -x + 7. Let p be m(h). Let k = 6 + p. Calculate the greatest common factor of 62 and k.
31
Suppose 5*d - d = 292. Let m(b) = 28*b + 1. Let h be m(-2). Let k = h + d. Calculate the highest common factor of k and 108.
18
Let h = 12401 + -10803. What is the greatest common divisor of 272 and h?
34
Suppose 2*i - 3*i + 660 = 0. Let c = 8558 - 8470. Calculate the greatest common factor of i and c.
44
Let r = 55 + -104. Let t = 87 + r. Suppose -2*f + 126 = t. What is the highest common divisor of 11 and f?
11
Let f(i) = -3*i**2 - 44*i - 14. Let m = -152 + 139. Let t be f(m). Calculate the greatest common divisor of t and 68.
17
Let m(x) = 3*x**2 - x + 10. Let g be m(-5). Let w = 9 - 2. Suppose -w*u = -2*u - g. What is the greatest common factor of u and 144?
18
Let a(h) = h**2 + 9*h - 34. Let p = 163 + -157. Let v be a(p). What is the highest common divisor of v and 14?
14
Let s = 1909 + -1688. What is the highest common divisor of 17 and s?
17
Let a be 180/(-3*(-3)/(-9)). Let j = -120 - a. Let m(n) = n**3 - 11*n**2 + n + 29. Let l be m(11). What is the greatest common divisor of l and j?
20
Let t be (-17)/((-16)/12 + 1). Suppose 61 = 3*z + s, 5*s = -2*z + 7 + t. Let i = 24 - -71. Calculate the greatest common divisor of i and z.
19
Suppose 2*t - 4*d = 118, 12*d = 4*t + 11*d - 215. Suppose -5*o + 5*n + 12 = -t, 4*n + 30 = 2*o. What is the greatest common divisor of 88 and o?
11
Let p(t) = 13*t**2 + 392*t + 64. Let k be p(-30). Calculate the highest common divisor of 4 and k.
4
Let t(i) = 84*i + 2948. Let z be t(-35). What is the greatest common divisor of 5896 and z?
8
Let s = -140 - -171. Suppose 0 = s*w - 25*w - 270. Let j = 60 + -15. What is the greatest common factor of j and w?
45
Let b be 4*(4/30 - (-22)/60). Suppose -p = b*q + 5, q + 11 = -2*p + 1. Suppose q = -4*x + 57 + 3. Calculate the greatest common divisor of 105 and x.
15
Suppose 0 = -5*s + 2*z + 5880, 6*s = 3*s - 4*z + 3554. Calculate the highest common divisor of 114 and s.
38
Suppose 7 - 81 = -2*c. Let k be -1702*(5 + (6 - 69/6)). Calculate the highest common factor of k and c.
37
Suppose 7*x - 893 = 577. Let n be (x/(-20))/(-1*6/8). Let o(s) = s**2 + 6*s - 2. Let z be o(-8). What is the highest common divisor of z and n?
14
Let b be 5/(-25) + 1938/(-10). Let o = -59 - b. Let j(n) = 2*n**2 + 10*n - 1. Let d be j(-7). Calculate the greatest common factor of o and d.
27
Let w(z) = 42*z**3 + 10*z**2 - 13*z + 21. Let j be w(6). What is the highest common divisor of 75 and j?
75
Let z be -654*5/(-4)*(-6)/(-15). Let s be 2*1*18/(-12) + z. Let u = s - 170. Calculate the highest common divisor of 14 and u.
14
Suppose 3*w - 90 = -48. Suppose -w*s - 315 = -23*s. Calculate the greatest common factor of 70 and s.
35
Let i be ((-40)/(-256))/((-1)/(-164)) + 21/56. What is the highest common divisor of 351 and i?
13
Let x = 2096 + 279. Calculate the greatest common factor of 38 and x.
19
Let i(u) = 4*u**2 + 836*u - u**2 - 1 - 838*u. Let o be i(3). What is the highest common factor of 30 and o?
10
Let i(u) = 79*u + 709. Let p be i(-5). Calculate the highest common factor of 6751 and p.
157
Let a = 74122 - 74014. Let h = 46 + -10. Calculate the greatest common factor of a and h.
36
Suppose -2*u - 7 = 1. Let y(q) = -6*q + 2. Let g be y(u). Suppose -2223 = -30*c - 27*c. What is the highest common factor of g and c?
13
Let r be (223188/(-14))/(-6) - 12. Calculate the greatest common divisor of r and 5.
5
Suppose 4*w - 3*v + 6*v - 579 = 0, 0 = -w - 4*v + 135. Suppose 43 + 180 = 3*z - j, -j = -2*z + w. Calculate the greatest common factor of 171 and z.
19
Let r = -1495 + 1725. What is the greatest common divisor of r and 2?
2
Let v = 148 - 106. Suppose -45*w + v*w + 9 = 0. Suppose -w*l = -2*l - 25. What is the highest common divisor of l and 5?
5
Let s(d) = -d**2 - 6*d + 7. Let w be s(-6). Let k = 741 - 517. Suppose 0 = 52*t - 56*t + k. Calculate the highest common divisor of w and t.
7
Let c(k) = -6*k**2 + 15*k + 3. Let j be c(6). Let r = j - -303. Let y = 76 - 4. Calculate the greatest common factor of r and y.
36
Let r = 6